{"id":9893,"date":"2023-07-15T14:45:21","date_gmt":"2023-07-15T12:45:21","guid":{"rendered":"https:\/\/festival.praguepride.com\/?page_id=9893"},"modified":"2026-04-07T19:19:08","modified_gmt":"2026-04-07T17:19:08","slug":"we-have-awesome-merch","status":"publish","type":"page","link":"https:\/\/festival.praguepride.com\/en\/we-have-awesome-merch\/","title":{"rendered":"Festival Merch &#8211; Equality collection by Eli\u0161ka Dole\u017ealov\u00e1"},"content":{"rendered":"<div class=\"block\n  block--core-paragraph\n  block--align-none\n      \">\n  \n<p>Shopping is fun \u2014 and even more fabulous when it supports a&nbsp;good cause. Show off your love for your favorite Prague Pride Festival, with an accessory you can wear with pride \u2014 not just during the festivities, but every day. Let the world know: you were there for Prague Pride Festival 2025! <strong>Merch now available in<\/strong> <a href=\"https:\/\/www.queershop.cz\/prague-pride\" target=\"_blank\" rel=\"noreferrer noopener\"><strong>e-shop queershop.cz<\/strong><\/a><\/p>\n\n<\/div>\n\n\n<div class=\"block\n  block--core-paragraph\n  block--align-none\n      \">\n  \n<p>Our <strong>Equality Collection<\/strong> has something for everyone \u2014 because <strong>equality looks good on everybody<\/strong>. A&nbsp;year from now, it\u2019ll be your favorite memory. Fifty years from now? A&nbsp;collector\u2019s gem, priceless and iconic. By then, we\u2019ll have marriage equality, no more gender boxes, gender-based violence will be history, and equality will just be the norm. Can you imagine it?<\/p>\n\n<\/div>\n\n\n<div class=\"block\n  block--core-paragraph\n  block--align-none\n      \">\n  \n<p>Grab your rainbow merch and support Prague Pride Festival. You&#8217;re not just getting a&nbsp;new wardrobe staple \u2014 you\u2019re building a&nbsp;safer world for those who need it most. Every time you wear our tee, hat or socks, you\u2019re spreading the message of equality \u2014 and fueling real change. More financial stability means: bigger stages, bolder artists, more discussions, more support groups \u2014 more joy and more care.<\/p>\n\n<\/div>\n\n\n<div class=\"block\n  block--core-paragraph\n  block--align-none\n    u-pb--400  \">\n  \n<p>Wear the rainbow. Live the rainbow.<\/p>\n\n<\/div>\n\n\n<div class=\"block\n  block--acf-button-group\n  block--align-none\n  u-pt--400  u-pb--400  \">\n  <div class=\"b-button-group b-button-group--whole\">\n            <a href=\"https:\/\/www.queershop.cz\/prague-pride\"\n         target=\"_blank\"\n         rel=\"noopener\"\n         class=\"b-button-group__button-wrap\">\n                <span class=\"b-button-group__button\">\n          I&nbsp;want the merch\n        <\/span>\n      <\/a>\n      <\/div>\n\n<\/div>\n\n\n<div class=\"block\n  block--acf-button-group\n  block--align-none\n      \">\n  <div class=\"b-button-group b-button-group--thirds\">\n            <a href=\"https:\/\/festival.praguepride.com\/en\/t-shirt-from-the-equality-collection\/\"\n         \n         \n         class=\"b-button-group__button-wrap b-button-group__button-wrap--has-thumbnail\">\n                  <img decoding=\"async\" srcset=\"https:\/\/festival.praguepride.com\/app\/uploads\/2025\/07\/Produktovka_tricko_Antoan-Pepelanov-220x220-c-default.jpg 220w, https:\/\/festival.praguepride.com\/app\/uploads\/2025\/07\/Produktovka_tricko_Antoan-Pepelanov-440x440-c-default.jpg 440w\" src=\"data:image\/gif;base64,R0lGODlhAQABAIAAAAAAAP\/\/\/yH5BAEAAAAALAAAAAABAAEAAAIBRAA7\"\n            class=\"b-button-group__thumbnail\"\n            loading=\"lazy\"\n            width=\"512\"\n            height=\"288\"\n            alt=\"T-shirt from the collection Equality\"\/>\n                <span class=\"b-button-group__button\">\n          T-shirt from the collection Equality\n        <\/span>\n      <\/a>\n                <a href=\"https:\/\/festival.praguepride.com\/en\/bucket-hat-from-the-equality-collection\/\"\n         \n         \n         class=\"b-button-group__button-wrap b-button-group__button-wrap--has-thumbnail\">\n                  <img decoding=\"async\" srcset=\"https:\/\/festival.praguepride.com\/app\/uploads\/2025\/07\/Produktovka_kloboucek-1_Antoan-Pepelanov-220x220-c-default.jpg 220w, https:\/\/festival.praguepride.com\/app\/uploads\/2025\/07\/Produktovka_kloboucek-1_Antoan-Pepelanov-440x440-c-default.jpg 440w\" src=\"data:image\/gif;base64,R0lGODlhAQABAIAAAAAAAP\/\/\/yH5BAEAAAAALAAAAAABAAEAAAIBRAA7\"\n            class=\"b-button-group__thumbnail\"\n            loading=\"lazy\"\n            width=\"512\"\n            height=\"288\"\n            alt=\"Bucket hat from the collection Equality\"\/>\n                <span class=\"b-button-group__button\">\n          Bucket hat from the collection Equality\n        <\/span>\n      <\/a>\n                <a href=\"https:\/\/festival.praguepride.com\/en\/socks-from-the-equality-collection\/\"\n         \n         \n         class=\"b-button-group__button-wrap b-button-group__button-wrap--has-thumbnail\">\n                  <img decoding=\"async\" srcset=\"https:\/\/festival.praguepride.com\/app\/uploads\/2025\/07\/Produktovka_ponozky_Antoan-Pepelanov-220x220-c-default.jpg 220w, https:\/\/festival.praguepride.com\/app\/uploads\/2025\/07\/Produktovka_ponozky_Antoan-Pepelanov-440x440-c-default.jpg 440w\" src=\"data:image\/gif;base64,R0lGODlhAQABAIAAAAAAAP\/\/\/yH5BAEAAAAALAAAAAABAAEAAAIBRAA7\"\n            class=\"b-button-group__thumbnail\"\n            loading=\"lazy\"\n            width=\"512\"\n            height=\"288\"\n            alt=\"Socks from the collection Equality\"\/>\n                <span class=\"b-button-group__button\">\n          Socks from the collection Equality\n        <\/span>\n      <\/a>\n      <\/div>\n\n<\/div>\n","protected":false},"excerpt":{"rendered":"<p>Shopping is fun \u2014 and even more fabulous when it supports a&nbsp;good cause. Show off your love for your favorite Prague Pride Festival, with an accessory you can wear with pride \u2014 not just during the festivities, but every day. Let the world know: you were there for Prague Pride Festival 2025! Merch now available [&hellip;]<\/p>\n","protected":false},"author":12,"featured_media":0,"parent":0,"menu_order":15,"comment_status":"closed","ping_status":"closed","template":"","meta":{"footnotes":""},"class_list":["post-9893","page","type-page","status-publish","hentry"],"acf":[],"yoast_head":"<!-- This site is optimized with the Yoast SEO plugin v27.3 - https:\/\/yoast.com\/product\/yoast-seo-wordpress\/ -->\n<title>Prague Pride Festival<\/title>\n<meta name=\"robots\" content=\"index, follow, max-snippet:-1, max-image-preview:large, max-video-preview:-1\" \/>\n<link rel=\"canonical\" href=\"https:\/\/festival.praguepride.com\/en\/we-have-awesome-merch\/\" \/>\n<meta property=\"og:locale\" content=\"en_US\" \/>\n<meta property=\"og:type\" content=\"article\" \/>\n<meta property=\"og:site_name\" content=\"Prague Pride Festival\" \/>\n<meta property=\"article:publisher\" content=\"https:\/\/www.facebook.com\/PraguePrideCZ\" \/>\n<meta property=\"article:modified_time\" content=\"2026-04-07T17:19:08+00:00\" \/>\n<meta property=\"og:image\" content=\"https:\/\/festival.praguepride.com\/app\/uploads\/2022\/06\/og-image.png\" \/>\n\t<meta property=\"og:image:width\" content=\"1440\" \/>\n\t<meta property=\"og:image:height\" content=\"715\" \/>\n\t<meta property=\"og:image:type\" content=\"image\/png\" \/>\n<meta name=\"twitter:card\" content=\"summary_large_image\" \/>\n<meta name=\"twitter:site\" content=\"@praguepride\" \/>\n<script type=\"application\/ld+json\" class=\"yoast-schema-graph\">{\"@context\":\"https:\\\/\\\/schema.org\",\"@graph\":[{\"@type\":\"WebPage\",\"@id\":\"https:\\\/\\\/festival.praguepride.com\\\/en\\\/we-have-awesome-merch\\\/\",\"url\":\"https:\\\/\\\/festival.praguepride.com\\\/en\\\/we-have-awesome-merch\\\/\",\"name\":\"Festival Merch - Equality collection by Eli\u0161ka Dole\u017ealov\u00e1 | Prague Pride Festival\",\"isPartOf\":{\"@id\":\"https:\\\/\\\/festival.praguepride.com\\\/en\\\/#website\"},\"datePublished\":\"2023-07-15T12:45:21+00:00\",\"dateModified\":\"2026-04-07T17:19:08+00:00\",\"description\":\"Our Equality Collection has something for everyone \u2014 because equality looks good on everybody. Merch now available in e-shop queershop.cz.\",\"breadcrumb\":{\"@id\":\"https:\\\/\\\/festival.praguepride.com\\\/en\\\/we-have-awesome-merch\\\/#breadcrumb\"},\"inLanguage\":\"en-US\",\"potentialAction\":[{\"@type\":\"ReadAction\",\"target\":[\"https:\\\/\\\/festival.praguepride.com\\\/en\\\/we-have-awesome-merch\\\/\"]}]},{\"@type\":\"BreadcrumbList\",\"@id\":\"https:\\\/\\\/festival.praguepride.com\\\/en\\\/we-have-awesome-merch\\\/#breadcrumb\",\"itemListElement\":[{\"@type\":\"ListItem\",\"position\":1,\"name\":\"Home\",\"item\":\"https:\\\/\\\/festival.praguepride.com\\\/en\\\/\"},{\"@type\":\"ListItem\",\"position\":2,\"name\":\"Festival Merch &#8211; Equality collection by Eli\u0161ka Dole\u017ealov\u00e1\"}]},{\"@type\":\"WebSite\",\"@id\":\"https:\\\/\\\/festival.praguepride.com\\\/en\\\/#website\",\"url\":\"https:\\\/\\\/festival.praguepride.com\\\/en\\\/\",\"name\":\"Prague Pride Festival\",\"description\":\"3\\\/8 - 9\\\/8\\\/2026\",\"publisher\":{\"@id\":\"https:\\\/\\\/festival.praguepride.com\\\/en\\\/#organization\"},\"potentialAction\":[{\"@type\":\"SearchAction\",\"target\":{\"@type\":\"EntryPoint\",\"urlTemplate\":\"https:\\\/\\\/festival.praguepride.com\\\/en\\\/?s={search_term_string}\"},\"query-input\":{\"@type\":\"PropertyValueSpecification\",\"valueRequired\":true,\"valueName\":\"search_term_string\"}}],\"inLanguage\":\"en-US\"},{\"@type\":\"Organization\",\"@id\":\"https:\\\/\\\/festival.praguepride.com\\\/en\\\/#organization\",\"name\":\"Prague Pride Festival\",\"url\":\"https:\\\/\\\/festival.praguepride.com\\\/en\\\/\",\"logo\":{\"@type\":\"ImageObject\",\"inLanguage\":\"en-US\",\"@id\":\"https:\\\/\\\/festival.praguepride.com\\\/en\\\/#\\\/schema\\\/logo\\\/image\\\/\",\"url\":\"https:\\\/\\\/festival.praguepride.com\\\/app\\\/uploads\\\/2022\\\/06\\\/favicon.png\",\"contentUrl\":\"https:\\\/\\\/festival.praguepride.com\\\/app\\\/uploads\\\/2022\\\/06\\\/favicon.png\",\"width\":512,\"height\":512,\"caption\":\"Prague Pride Festival\"},\"image\":{\"@id\":\"https:\\\/\\\/festival.praguepride.com\\\/en\\\/#\\\/schema\\\/logo\\\/image\\\/\"},\"sameAs\":[\"https:\\\/\\\/www.facebook.com\\\/PraguePrideCZ\",\"https:\\\/\\\/x.com\\\/praguepride\",\"https:\\\/\\\/www.instagram.com\\\/prague.pride\\\/\",\"https:\\\/\\\/www.linkedin.com\\\/company\\\/prague-pride-o.s.\\\/\"]}]}<\/script>\n<!-- \/ Yoast SEO plugin. -->","yoast_head_json":{"title":"Prague Pride Festival","robots":{"index":"index","follow":"follow","max-snippet":"max-snippet:-1","max-image-preview":"max-image-preview:large","max-video-preview":"max-video-preview:-1"},"canonical":"https:\/\/festival.praguepride.com\/en\/we-have-awesome-merch\/","og_locale":"en_US","og_type":"article","og_site_name":"Prague Pride Festival","article_publisher":"https:\/\/www.facebook.com\/PraguePrideCZ","article_modified_time":"2026-04-07T17:19:08+00:00","og_image":[{"width":1440,"height":715,"url":"https:\/\/festival.praguepride.com\/app\/uploads\/2022\/06\/og-image.png","type":"image\/png"}],"twitter_card":"summary_large_image","twitter_site":"@praguepride","schema":{"@context":"https:\/\/schema.org","@graph":[{"@type":"WebPage","@id":"https:\/\/festival.praguepride.com\/en\/we-have-awesome-merch\/","url":"https:\/\/festival.praguepride.com\/en\/we-have-awesome-merch\/","name":"Festival Merch - Equality collection by Eli\u0161ka Dole\u017ealov\u00e1 | Prague Pride Festival","isPartOf":{"@id":"https:\/\/festival.praguepride.com\/en\/#website"},"datePublished":"2023-07-15T12:45:21+00:00","dateModified":"2026-04-07T17:19:08+00:00","description":"Our Equality Collection has something for everyone \u2014 because equality looks good on everybody. Merch now available in e-shop queershop.cz.","breadcrumb":{"@id":"https:\/\/festival.praguepride.com\/en\/we-have-awesome-merch\/#breadcrumb"},"inLanguage":"en-US","potentialAction":[{"@type":"ReadAction","target":["https:\/\/festival.praguepride.com\/en\/we-have-awesome-merch\/"]}]},{"@type":"BreadcrumbList","@id":"https:\/\/festival.praguepride.com\/en\/we-have-awesome-merch\/#breadcrumb","itemListElement":[{"@type":"ListItem","position":1,"name":"Home","item":"https:\/\/festival.praguepride.com\/en\/"},{"@type":"ListItem","position":2,"name":"Festival Merch &#8211; Equality collection by Eli\u0161ka Dole\u017ealov\u00e1"}]},{"@type":"WebSite","@id":"https:\/\/festival.praguepride.com\/en\/#website","url":"https:\/\/festival.praguepride.com\/en\/","name":"Prague Pride Festival","description":"3\/8 - 9\/8\/2026","publisher":{"@id":"https:\/\/festival.praguepride.com\/en\/#organization"},"potentialAction":[{"@type":"SearchAction","target":{"@type":"EntryPoint","urlTemplate":"https:\/\/festival.praguepride.com\/en\/?s={search_term_string}"},"query-input":{"@type":"PropertyValueSpecification","valueRequired":true,"valueName":"search_term_string"}}],"inLanguage":"en-US"},{"@type":"Organization","@id":"https:\/\/festival.praguepride.com\/en\/#organization","name":"Prague Pride Festival","url":"https:\/\/festival.praguepride.com\/en\/","logo":{"@type":"ImageObject","inLanguage":"en-US","@id":"https:\/\/festival.praguepride.com\/en\/#\/schema\/logo\/image\/","url":"https:\/\/festival.praguepride.com\/app\/uploads\/2022\/06\/favicon.png","contentUrl":"https:\/\/festival.praguepride.com\/app\/uploads\/2022\/06\/favicon.png","width":512,"height":512,"caption":"Prague Pride Festival"},"image":{"@id":"https:\/\/festival.praguepride.com\/en\/#\/schema\/logo\/image\/"},"sameAs":["https:\/\/www.facebook.com\/PraguePrideCZ","https:\/\/x.com\/praguepride","https:\/\/www.instagram.com\/prague.pride\/","https:\/\/www.linkedin.com\/company\/prague-pride-o.s.\/"]}]}},"_links":{"self":[{"href":"https:\/\/festival.praguepride.com\/en\/wp-json\/wp\/v2\/pages\/9893","targetHints":{"allow":["GET"]}}],"collection":[{"href":"https:\/\/festival.praguepride.com\/en\/wp-json\/wp\/v2\/pages"}],"about":[{"href":"https:\/\/festival.praguepride.com\/en\/wp-json\/wp\/v2\/types\/page"}],"author":[{"embeddable":true,"href":"https:\/\/festival.praguepride.com\/en\/wp-json\/wp\/v2\/users\/12"}],"replies":[{"embeddable":true,"href":"https:\/\/festival.praguepride.com\/en\/wp-json\/wp\/v2\/comments?post=9893"}],"version-history":[{"count":75,"href":"https:\/\/festival.praguepride.com\/en\/wp-json\/wp\/v2\/pages\/9893\/revisions"}],"predecessor-version":[{"id":31574,"href":"https:\/\/festival.praguepride.com\/en\/wp-json\/wp\/v2\/pages\/9893\/revisions\/31574"}],"wp:attachment":[{"href":"https:\/\/festival.praguepride.com\/en\/wp-json\/wp\/v2\/media?parent=9893"}],"curies":[{"name":"wp","href":"https:\/\/api.w.org\/{rel}","templated":true}]}}

Festival Merch &#8211; Equality collection by Eliška Doležalová

<!-- This site is optimized with the Yoast SEO plugin v27.3 - https://yoast.com/product/yoast-seo-wordpress/ -->
<title>Prague Pride Festival</title>
<meta name="robots" content="index, follow, max-snippet:-1, max-image-preview:large, max-video-preview:-1" />
<link rel="canonical" href="https://festival.praguepride.com/en/we-have-awesome-merch/" />
<meta property="og:locale" content="en_US" />
<meta property="og:type" content="article" />
<meta property="og:site_name" content="Prague Pride Festival" />
<meta property="article:publisher" content="https://www.facebook.com/PraguePrideCZ" />
<meta property="article:modified_time" content="2026-04-07T17:19:08+00:00" />
<meta property="og:image" content="https://festival.praguepride.com/app/uploads/2022/06/og-image.png" />
	<meta property="og:image:width" content="1440" />
	<meta property="og:image:height" content="715" />
	<meta property="og:image:type" content="image/png" />
<meta name="twitter:card" content="summary_large_image" />
<meta name="twitter:site" content="@praguepride" />
<script type="application/ld+json" class="yoast-schema-graph">{"@context":"https:\/\/schema.org","@graph":[{"@type":"WebPage","@id":"https:\/\/festival.praguepride.com\/en\/we-have-awesome-merch\/","url":"https:\/\/festival.praguepride.com\/en\/we-have-awesome-merch\/","name":"Festival Merch - Equality collection by Eliška Doležalová | Prague Pride Festival","isPartOf":{"@id":"https:\/\/festival.praguepride.com\/en\/#website"},"datePublished":"2023-07-15T12:45:21+00:00","dateModified":"2026-04-07T17:19:08+00:00","description":"Our Equality Collection has something for everyone — because equality looks good on everybody. Merch now available in e-shop queershop.cz.","breadcrumb":{"@id":"https:\/\/festival.praguepride.com\/en\/we-have-awesome-merch\/#breadcrumb"},"inLanguage":"en-US","potentialAction":[{"@type":"ReadAction","target":["https:\/\/festival.praguepride.com\/en\/we-have-awesome-merch\/"]}]},{"@type":"BreadcrumbList","@id":"https:\/\/festival.praguepride.com\/en\/we-have-awesome-merch\/#breadcrumb","itemListElement":[{"@type":"ListItem","position":1,"name":"Home","item":"https:\/\/festival.praguepride.com\/en\/"},{"@type":"ListItem","position":2,"name":"Festival Merch &#8211; Equality collection by Eliška Doležalová"}]},{"@type":"WebSite","@id":"https:\/\/festival.praguepride.com\/en\/#website","url":"https:\/\/festival.praguepride.com\/en\/","name":"Prague Pride Festival","description":"3\/8 - 9\/8\/2026","publisher":{"@id":"https:\/\/festival.praguepride.com\/en\/#organization"},"potentialAction":[{"@type":"SearchAction","target":{"@type":"EntryPoint","urlTemplate":"https:\/\/festival.praguepride.com\/en\/?s={search_term_string}"},"query-input":{"@type":"PropertyValueSpecification","valueRequired":true,"valueName":"search_term_string"}}],"inLanguage":"en-US"},{"@type":"Organization","@id":"https:\/\/festival.praguepride.com\/en\/#organization","name":"Prague Pride Festival","url":"https:\/\/festival.praguepride.com\/en\/","logo":{"@type":"ImageObject","inLanguage":"en-US","@id":"https:\/\/festival.praguepride.com\/en\/#\/schema\/logo\/image\/","url":"https:\/\/festival.praguepride.com\/app\/uploads\/2022\/06\/favicon.png","contentUrl":"https:\/\/festival.praguepride.com\/app\/uploads\/2022\/06\/favicon.png","width":512,"height":512,"caption":"Prague Pride Festival"},"image":{"@id":"https:\/\/festival.praguepride.com\/en\/#\/schema\/logo\/image\/"},"sameAs":["https:\/\/www.facebook.com\/PraguePrideCZ","https:\/\/x.com\/praguepride","https:\/\/www.instagram.com\/prague.pride\/","https:\/\/www.linkedin.com\/company\/prague-pride-o.s.\/"]}]}</script>
<!-- / Yoast SEO plugin. -->

Festival Merch - Equality collection by Eliška Doležalová | Prague Pride Festival
