{"id":512,"date":"2022-06-09T12:41:43","date_gmt":"2022-06-09T10:41:43","guid":{"rendered":"https:\/\/festival.praguepride.com\/press\/"},"modified":"2026-04-20T10:43:50","modified_gmt":"2026-04-20T08:43:50","slug":"press","status":"publish","type":"page","link":"https:\/\/festival.praguepride.com\/en\/contacs\/press\/","title":{"rendered":"Press"},"content":{"rendered":"<div class=\"block\n  block--core-paragraph\n  block--align-none\n      \">\n  \n<p>We love to be in the spotlight! We will happily provide you with information about the festival, try to arrange an interview with one of the guests or the organizers, or send you press releases.<\/p>\n\n<\/div>\n\n\n<div class=\"block\n  block--core-paragraph\n  block--align-none\n    u-pb--400  \">\n  \n<p>Just get in touch! <\/p>\n\n<\/div>\n\n\n<div class=\"block\n  block--acf-button-group\n  block--align-none\n  u-pt--400    \">\n  <div class=\"b-button-group b-button-group--whole\">\n            <a href=\"https:\/\/drive.google.com\/drive\/folders\/1hITH6IdxuwSigKg-mr_ntDRFHxXiABsy\"\n         target=\"_blank\"\n         rel=\"noopener\"\n         class=\"b-button-group__button-wrap\">\n                <span class=\"b-button-group__button\">\n          press kit here\n        <\/span>\n      <\/a>\n      <\/div>\n\n<\/div>\n\n\n<div class=\"block\n  block--acf-posts-list\n  block--align-none\n      \">\n  <article class=\"b-posts-list\">\n  <div class=\"b-posts-list__grid b-posts-list__grid--quarters\">\n          <div class=\"b-posts-list__tease\">\n        <article class=\"tease\">\n  <div class=\"tease__layout\">\n          <div class=\"tease__media\">\n                  <img decoding=\"async\" srcset=\"https:\/\/festival.praguepride.com\/app\/uploads\/2026\/04\/Nikola-Palenickova_3-mensi-220x220-c-default.jpeg 220w, https:\/\/festival.praguepride.com\/app\/uploads\/2026\/04\/Nikola-Palenickova_3-mensi-440x440-c-default.jpeg 440w\" src=\"data:image\/gif;base64,R0lGODlhAQABAIAAAAAAAP\/\/\/yH5BAEAAAAALAAAAAABAAEAAAIBRAA7\"\n            loading=\"lazy\"\n            width=\"512\"\n            height=\"512\"\n            alt=\"Nikola P\u00e1len\u00ed\u010dkov\u00e1\"\/>\n              <\/div>\n    \n    <div class=\"tease__content\">\n      <h2 class=\"tease__title\">\n                  Nikola P\u00e1len\u00ed\u010dkov\u00e1\n              <\/h2>\n              <div class=\"tease__meta\">\n                      <p>PR &#038; media<\/p>\n                                <p class=\"u-fs--200 u-overflow--ellipsis\">\n              <a href=\"tel:nikola.palenickova@praguepride.com\">\n                nikola.palenickova@praguepride.com\n              <\/a>\n            <\/p>\n                            <\/div>\n          <\/div>\n  <\/div>\n<\/article>\n      <\/div>\n      <\/div>\n  <\/article>\n\n<\/div>\n\n\n<div class=\"block\n  block--acf-spacer\n  block--align-none\n      \">\n  <div class=\"b-spacer b-spacer--transparent\" style=\"height: var(--spacer-height-md);\">\n  <!-- space -->\n<\/div>\n\n<\/div>\n","protected":false},"excerpt":{"rendered":"<p>We love to be in the spotlight! We will happily provide you with information about the festival, try to arrange an interview with one of the guests or the organizers, or send you press releases. Just get in touch!<\/p>\n","protected":false},"author":2,"featured_media":0,"parent":615,"menu_order":5,"comment_status":"closed","ping_status":"closed","template":"","meta":{"footnotes":""},"class_list":["post-512","page","type-page","status-publish","hentry"],"acf":[],"yoast_head":"<!-- This site is optimized with the Yoast SEO plugin v27.3 - https:\/\/yoast.com\/product\/yoast-seo-wordpress\/ -->\n<title>Prague Pride Festival<\/title>\n<meta name=\"robots\" content=\"index, follow, max-snippet:-1, max-image-preview:large, max-video-preview:-1\" \/>\n<link rel=\"canonical\" href=\"https:\/\/festival.praguepride.com\/en\/contacs\/press\/\" \/>\n<meta property=\"og:locale\" content=\"en_US\" \/>\n<meta property=\"og:type\" content=\"article\" \/>\n<meta property=\"og:site_name\" content=\"Prague Pride Festival\" \/>\n<meta property=\"article:publisher\" content=\"https:\/\/www.facebook.com\/PraguePrideCZ\" \/>\n<meta property=\"article:modified_time\" content=\"2026-04-20T08:43:50+00:00\" \/>\n<meta property=\"og:image\" content=\"https:\/\/festival.praguepride.com\/app\/uploads\/2022\/06\/og-image.png\" \/>\n\t<meta property=\"og:image:width\" content=\"1440\" \/>\n\t<meta property=\"og:image:height\" content=\"715\" \/>\n\t<meta property=\"og:image:type\" content=\"image\/png\" \/>\n<meta name=\"twitter:card\" content=\"summary_large_image\" \/>\n<meta name=\"twitter:site\" content=\"@praguepride\" \/>\n<script type=\"application\/ld+json\" class=\"yoast-schema-graph\">{\"@context\":\"https:\\\/\\\/schema.org\",\"@graph\":[{\"@type\":\"WebPage\",\"@id\":\"https:\\\/\\\/festival.praguepride.com\\\/en\\\/contacs\\\/press\\\/\",\"url\":\"https:\\\/\\\/festival.praguepride.com\\\/en\\\/contacs\\\/press\\\/\",\"name\":\"Press | Prague Pride Festival\",\"isPartOf\":{\"@id\":\"https:\\\/\\\/festival.praguepride.com\\\/en\\\/#website\"},\"datePublished\":\"2022-06-09T10:41:43+00:00\",\"dateModified\":\"2026-04-20T08:43:50+00:00\",\"description\":\"D\u011bkujeme n\u00e1v\u0161t\u011bvnictvu Prague Pride Festivalu 2024! Do pr\u016fvodu v\u00e1s p\u0159i\u0161lo p\u0159es 100 000. T\u011b\u0161\u00edme se na v\u00e1s na Prague Pride Festivalu 28. 7. \u2013 3. 8. 2025\",\"breadcrumb\":{\"@id\":\"https:\\\/\\\/festival.praguepride.com\\\/en\\\/contacs\\\/press\\\/#breadcrumb\"},\"inLanguage\":\"en-US\",\"potentialAction\":[{\"@type\":\"ReadAction\",\"target\":[\"https:\\\/\\\/festival.praguepride.com\\\/en\\\/contacs\\\/press\\\/\"]}]},{\"@type\":\"BreadcrumbList\",\"@id\":\"https:\\\/\\\/festival.praguepride.com\\\/en\\\/contacs\\\/press\\\/#breadcrumb\",\"itemListElement\":[{\"@type\":\"ListItem\",\"position\":1,\"name\":\"Home\",\"item\":\"https:\\\/\\\/festival.praguepride.com\\\/en\\\/\"},{\"@type\":\"ListItem\",\"position\":2,\"name\":\"Team\",\"item\":\"https:\\\/\\\/festival.praguepride.com\\\/en\\\/contacs\\\/\"},{\"@type\":\"ListItem\",\"position\":3,\"name\":\"Press\"}]},{\"@type\":\"WebSite\",\"@id\":\"https:\\\/\\\/festival.praguepride.com\\\/en\\\/#website\",\"url\":\"https:\\\/\\\/festival.praguepride.com\\\/en\\\/\",\"name\":\"Prague Pride Festival\",\"description\":\"3\\\/8 - 9\\\/8\\\/2026\",\"publisher\":{\"@id\":\"https:\\\/\\\/festival.praguepride.com\\\/en\\\/#organization\"},\"potentialAction\":[{\"@type\":\"SearchAction\",\"target\":{\"@type\":\"EntryPoint\",\"urlTemplate\":\"https:\\\/\\\/festival.praguepride.com\\\/en\\\/?s={search_term_string}\"},\"query-input\":{\"@type\":\"PropertyValueSpecification\",\"valueRequired\":true,\"valueName\":\"search_term_string\"}}],\"inLanguage\":\"en-US\"},{\"@type\":\"Organization\",\"@id\":\"https:\\\/\\\/festival.praguepride.com\\\/en\\\/#organization\",\"name\":\"Prague Pride Festival\",\"url\":\"https:\\\/\\\/festival.praguepride.com\\\/en\\\/\",\"logo\":{\"@type\":\"ImageObject\",\"inLanguage\":\"en-US\",\"@id\":\"https:\\\/\\\/festival.praguepride.com\\\/en\\\/#\\\/schema\\\/logo\\\/image\\\/\",\"url\":\"https:\\\/\\\/festival.praguepride.com\\\/app\\\/uploads\\\/2022\\\/06\\\/favicon.png\",\"contentUrl\":\"https:\\\/\\\/festival.praguepride.com\\\/app\\\/uploads\\\/2022\\\/06\\\/favicon.png\",\"width\":512,\"height\":512,\"caption\":\"Prague Pride Festival\"},\"image\":{\"@id\":\"https:\\\/\\\/festival.praguepride.com\\\/en\\\/#\\\/schema\\\/logo\\\/image\\\/\"},\"sameAs\":[\"https:\\\/\\\/www.facebook.com\\\/PraguePrideCZ\",\"https:\\\/\\\/x.com\\\/praguepride\",\"https:\\\/\\\/www.instagram.com\\\/prague.pride\\\/\",\"https:\\\/\\\/www.linkedin.com\\\/company\\\/prague-pride-o.s.\\\/\"]}]}<\/script>\n<!-- \/ Yoast SEO plugin. -->","yoast_head_json":{"title":"Prague Pride Festival","robots":{"index":"index","follow":"follow","max-snippet":"max-snippet:-1","max-image-preview":"max-image-preview:large","max-video-preview":"max-video-preview:-1"},"canonical":"https:\/\/festival.praguepride.com\/en\/contacs\/press\/","og_locale":"en_US","og_type":"article","og_site_name":"Prague Pride Festival","article_publisher":"https:\/\/www.facebook.com\/PraguePrideCZ","article_modified_time":"2026-04-20T08:43:50+00:00","og_image":[{"width":1440,"height":715,"url":"https:\/\/festival.praguepride.com\/app\/uploads\/2022\/06\/og-image.png","type":"image\/png"}],"twitter_card":"summary_large_image","twitter_site":"@praguepride","schema":{"@context":"https:\/\/schema.org","@graph":[{"@type":"WebPage","@id":"https:\/\/festival.praguepride.com\/en\/contacs\/press\/","url":"https:\/\/festival.praguepride.com\/en\/contacs\/press\/","name":"Press | Prague Pride Festival","isPartOf":{"@id":"https:\/\/festival.praguepride.com\/en\/#website"},"datePublished":"2022-06-09T10:41:43+00:00","dateModified":"2026-04-20T08:43:50+00:00","description":"D\u011bkujeme n\u00e1v\u0161t\u011bvnictvu Prague Pride Festivalu 2024! Do pr\u016fvodu v\u00e1s p\u0159i\u0161lo p\u0159es 100 000. T\u011b\u0161\u00edme se na v\u00e1s na Prague Pride Festivalu 28. 7. \u2013 3. 8. 2025","breadcrumb":{"@id":"https:\/\/festival.praguepride.com\/en\/contacs\/press\/#breadcrumb"},"inLanguage":"en-US","potentialAction":[{"@type":"ReadAction","target":["https:\/\/festival.praguepride.com\/en\/contacs\/press\/"]}]},{"@type":"BreadcrumbList","@id":"https:\/\/festival.praguepride.com\/en\/contacs\/press\/#breadcrumb","itemListElement":[{"@type":"ListItem","position":1,"name":"Home","item":"https:\/\/festival.praguepride.com\/en\/"},{"@type":"ListItem","position":2,"name":"Team","item":"https:\/\/festival.praguepride.com\/en\/contacs\/"},{"@type":"ListItem","position":3,"name":"Press"}]},{"@type":"WebSite","@id":"https:\/\/festival.praguepride.com\/en\/#website","url":"https:\/\/festival.praguepride.com\/en\/","name":"Prague Pride Festival","description":"3\/8 - 9\/8\/2026","publisher":{"@id":"https:\/\/festival.praguepride.com\/en\/#organization"},"potentialAction":[{"@type":"SearchAction","target":{"@type":"EntryPoint","urlTemplate":"https:\/\/festival.praguepride.com\/en\/?s={search_term_string}"},"query-input":{"@type":"PropertyValueSpecification","valueRequired":true,"valueName":"search_term_string"}}],"inLanguage":"en-US"},{"@type":"Organization","@id":"https:\/\/festival.praguepride.com\/en\/#organization","name":"Prague Pride Festival","url":"https:\/\/festival.praguepride.com\/en\/","logo":{"@type":"ImageObject","inLanguage":"en-US","@id":"https:\/\/festival.praguepride.com\/en\/#\/schema\/logo\/image\/","url":"https:\/\/festival.praguepride.com\/app\/uploads\/2022\/06\/favicon.png","contentUrl":"https:\/\/festival.praguepride.com\/app\/uploads\/2022\/06\/favicon.png","width":512,"height":512,"caption":"Prague Pride Festival"},"image":{"@id":"https:\/\/festival.praguepride.com\/en\/#\/schema\/logo\/image\/"},"sameAs":["https:\/\/www.facebook.com\/PraguePrideCZ","https:\/\/x.com\/praguepride","https:\/\/www.instagram.com\/prague.pride\/","https:\/\/www.linkedin.com\/company\/prague-pride-o.s.\/"]}]}},"_links":{"self":[{"href":"https:\/\/festival.praguepride.com\/en\/wp-json\/wp\/v2\/pages\/512","targetHints":{"allow":["GET"]}}],"collection":[{"href":"https:\/\/festival.praguepride.com\/en\/wp-json\/wp\/v2\/pages"}],"about":[{"href":"https:\/\/festival.praguepride.com\/en\/wp-json\/wp\/v2\/types\/page"}],"author":[{"embeddable":true,"href":"https:\/\/festival.praguepride.com\/en\/wp-json\/wp\/v2\/users\/2"}],"replies":[{"embeddable":true,"href":"https:\/\/festival.praguepride.com\/en\/wp-json\/wp\/v2\/comments?post=512"}],"version-history":[{"count":31,"href":"https:\/\/festival.praguepride.com\/en\/wp-json\/wp\/v2\/pages\/512\/revisions"}],"predecessor-version":[{"id":31642,"href":"https:\/\/festival.praguepride.com\/en\/wp-json\/wp\/v2\/pages\/512\/revisions\/31642"}],"up":[{"embeddable":true,"href":"https:\/\/festival.praguepride.com\/en\/wp-json\/wp\/v2\/pages\/615"}],"wp:attachment":[{"href":"https:\/\/festival.praguepride.com\/en\/wp-json\/wp\/v2\/media?parent=512"}],"curies":[{"name":"wp","href":"https:\/\/api.w.org\/{rel}","templated":true}]}}

<div class="block
  block--core-paragraph
  block--align-none
      ">
  
<p>We love to be in the spotlight! We will happily provide you with information about the festival, try to arrange an interview with one of the guests or the organizers, or send you press releases.</p>

</div>


<div class="block
  block--core-paragraph
  block--align-none
    u-pb--400  ">
  
<p>Just get in touch! </p>

</div>


<div class="block
  block--acf-button-group
  block--align-none
  u-pt--400    ">
  <div class="b-button-group b-button-group--whole">
            <a href="https://drive.google.com/drive/folders/1hITH6IdxuwSigKg-mr_ntDRFHxXiABsy"
         target="_blank"
         rel="noopener"
         class="b-button-group__button-wrap">
                <span class="b-button-group__button">
          press kit here
        </span>
      </a>
      </div>

</div>


<div class="block
  block--acf-posts-list
  block--align-none
      ">
  <article class="b-posts-list">
  <div class="b-posts-list__grid b-posts-list__grid--quarters">
          <div class="b-posts-list__tease">
        <article class="tease">
  <div class="tease__layout">
          <div class="tease__media">
                  <img decoding="async" srcset="https://festival.praguepride.com/app/uploads/2026/04/Nikola-Palenickova_3-mensi-220x220-c-default.jpeg 220w, https://festival.praguepride.com/app/uploads/2026/04/Nikola-Palenickova_3-mensi-440x440-c-default.jpeg 440w" src="data:image/gif;base64,R0lGODlhAQABAIAAAAAAAP///yH5BAEAAAAALAAAAAABAAEAAAIBRAA7"
            loading="lazy"
            width="512"
            height="512"
            alt="Nikola Páleníčková"/>
              </div>
    
    <div class="tease__content">
      <h2 class="tease__title">
                  Nikola Páleníčková
              </h2>
              <div class="tease__meta">
                      <p>PR &#038; media</p>
                                <p class="u-fs--200 u-overflow--ellipsis">
              <a href="tel:nikola.palenickova@praguepride.com">
                nikola.palenickova@praguepride.com
              </a>
            </p>
                            </div>
          </div>
  </div>
</article>
      </div>
      </div>
  </article>

</div>


<div class="block
  block--acf-spacer
  block--align-none
      ">
  <div class="b-spacer b-spacer--transparent" style="height: var(--spacer-height-md);">
  <!-- space -->
</div>

</div>

<!-- This site is optimized with the Yoast SEO plugin v27.3 - https://yoast.com/product/yoast-seo-wordpress/ -->
<title>Prague Pride Festival</title>
<meta name="robots" content="index, follow, max-snippet:-1, max-image-preview:large, max-video-preview:-1" />
<link rel="canonical" href="https://festival.praguepride.com/en/contacs/press/" />
<meta property="og:locale" content="en_US" />
<meta property="og:type" content="article" />
<meta property="og:site_name" content="Prague Pride Festival" />
<meta property="article:publisher" content="https://www.facebook.com/PraguePrideCZ" />
<meta property="article:modified_time" content="2026-04-20T08:43:50+00:00" />
<meta property="og:image" content="https://festival.praguepride.com/app/uploads/2022/06/og-image.png" />
	<meta property="og:image:width" content="1440" />
	<meta property="og:image:height" content="715" />
	<meta property="og:image:type" content="image/png" />
<meta name="twitter:card" content="summary_large_image" />
<meta name="twitter:site" content="@praguepride" />
<script type="application/ld+json" class="yoast-schema-graph">{"@context":"https:\/\/schema.org","@graph":[{"@type":"WebPage","@id":"https:\/\/festival.praguepride.com\/en\/contacs\/press\/","url":"https:\/\/festival.praguepride.com\/en\/contacs\/press\/","name":"Press | Prague Pride Festival","isPartOf":{"@id":"https:\/\/festival.praguepride.com\/en\/#website"},"datePublished":"2022-06-09T10:41:43+00:00","dateModified":"2026-04-20T08:43:50+00:00","description":"Děkujeme návštěvnictvu Prague Pride Festivalu 2024! Do průvodu vás přišlo přes 100 000. Těšíme se na vás na Prague Pride Festivalu 28. 7. – 3. 8. 2025","breadcrumb":{"@id":"https:\/\/festival.praguepride.com\/en\/contacs\/press\/#breadcrumb"},"inLanguage":"en-US","potentialAction":[{"@type":"ReadAction","target":["https:\/\/festival.praguepride.com\/en\/contacs\/press\/"]}]},{"@type":"BreadcrumbList","@id":"https:\/\/festival.praguepride.com\/en\/contacs\/press\/#breadcrumb","itemListElement":[{"@type":"ListItem","position":1,"name":"Home","item":"https:\/\/festival.praguepride.com\/en\/"},{"@type":"ListItem","position":2,"name":"Team","item":"https:\/\/festival.praguepride.com\/en\/contacs\/"},{"@type":"ListItem","position":3,"name":"Press"}]},{"@type":"WebSite","@id":"https:\/\/festival.praguepride.com\/en\/#website","url":"https:\/\/festival.praguepride.com\/en\/","name":"Prague Pride Festival","description":"3\/8 - 9\/8\/2026","publisher":{"@id":"https:\/\/festival.praguepride.com\/en\/#organization"},"potentialAction":[{"@type":"SearchAction","target":{"@type":"EntryPoint","urlTemplate":"https:\/\/festival.praguepride.com\/en\/?s={search_term_string}"},"query-input":{"@type":"PropertyValueSpecification","valueRequired":true,"valueName":"search_term_string"}}],"inLanguage":"en-US"},{"@type":"Organization","@id":"https:\/\/festival.praguepride.com\/en\/#organization","name":"Prague Pride Festival","url":"https:\/\/festival.praguepride.com\/en\/","logo":{"@type":"ImageObject","inLanguage":"en-US","@id":"https:\/\/festival.praguepride.com\/en\/#\/schema\/logo\/image\/","url":"https:\/\/festival.praguepride.com\/app\/uploads\/2022\/06\/favicon.png","contentUrl":"https:\/\/festival.praguepride.com\/app\/uploads\/2022\/06\/favicon.png","width":512,"height":512,"caption":"Prague Pride Festival"},"image":{"@id":"https:\/\/festival.praguepride.com\/en\/#\/schema\/logo\/image\/"},"sameAs":["https:\/\/www.facebook.com\/PraguePrideCZ","https:\/\/x.com\/praguepride","https:\/\/www.instagram.com\/prague.pride\/","https:\/\/www.linkedin.com\/company\/prague-pride-o.s.\/"]}]}</script>
<!-- / Yoast SEO plugin. -->

Děkujeme návštěvnictvu Prague Pride Festivalu 2024! Do průvodu vás přišlo přes 100 000. Těšíme se na vás na Prague Pride Festivalu 28. 7. – 3. 8. 2025
