{"id":31527,"date":"2026-04-01T15:32:43","date_gmt":"2026-04-01T13:32:43","guid":{"rendered":"https:\/\/festival.praguepride.com\/?page_id=31527"},"modified":"2026-04-08T13:46:02","modified_gmt":"2026-04-08T11:46:02","slug":"newsletter-en","status":"publish","type":"page","link":"https:\/\/festival.praguepride.com\/en\/newsletter-en\/","title":{"rendered":"Newsletter EN"},"content":{"rendered":"<div class=\"block\n  block--core-columns\n  block--align-none\n      \">\n  \n<div class=\"wp-block-columns is-layout-flex wp-container-core-columns-is-layout-28f84493 wp-block-columns-is-layout-flex\">\n<div class=\"wp-block-column is-layout-flow wp-block-column-is-layout-flow\"><div class=\"block\n  block--core-heading\n  block--align-none\n      \">\n  \n<h3 class=\"wp-block-heading\"><strong>NEWSLETTER<\/strong><\/h3>\n\n<\/div>\n\n\n<div class=\"block\n  block--core-paragraph\n  block--align-none\n      \">\n  \n<p>Subscribe to our occasional newsletter to stay updated on what\u2019s happening at Prague Pride.<\/p>\n\n<\/div>\n\n\n<div class=\"block\n  block--core-paragraph\n  block--align-none\n      \">\n  \n<form class=\"newsletter-submission-form\" action=\"https:\/\/muj.praguepride.com\/api\/form!send\" method=\"post\">\r\n  <p>\r\n    <label>\r\n      <span class=\"newsletter-submission-label\">E-mail:<\/span>\r\n      <input name=\"email\" type=\"email\" autocomplete=\"email\" required=\"\" class=\"newsletter-submission-input-field\" \/>\r\n    <\/label>\r\n  <\/p>\r\n  <label><input checked=\"checked\" name=\"newsletter\" type=\"checkbox\" \/> Chci odeb\u00edrat newsletter spolku Prague Pride<\/label><br \/>\r\n  <label\r\n    ><input name=\"confirm\" type=\"checkbox\" required=\"\" \/> P\u0159ij\u00edm\u00e1m\r\n    <a target=\"_blank\" href=\"https:\/\/www.praguepride.cz\/cs\/newsletter-zasady-cz\" rel=\"noopener\">z\u00e1sady zpracov\u00e1n\u00ed osobn\u00edch \u00fadaj\u016f<\/a><\/label\r\n  ><br \/>\r\n  <!-- Never set this field to pre-filled to checked! -->\r\n\r\n  <input name=\"submit_button\" type=\"submit\" value=\"Odeb\u00edrat newsletter\" class=\"btn primary button\" \/>\r\n  <span class=\"newsletter-submission-is-submitting-label\">Odes\u00edl\u00e1m...<\/span>\r\n\r\n  <input name=\"network\" type=\"hidden\" value=\"54\" \/>\r\n  <input name=\"journey\" type=\"hidden\" value=\"14\" \/>\r\n  <input name=\"source\" type=\"hidden\" value=\"web-fest signup\" \/>\r\n  <input name=\"locale\" type=\"hidden\" value=\"cs\" \/>\r\n  <p class=\"newsletter-submission-submitted-text\">\r\n\tNyn\u00ed je\u0161t\u011b mus\u00ed\u0161 odb\u011br newsletteru potvrdit.\r\n    <br><br>\r\n\tOtev\u0159i si e-mail, kter\u00fd jsme ti poslali na uvedenou adresu, a klikni v n\u011bm na potvrzovac\u00ed odkaz. Pak se m\u016f\u017ee\u0161 t\u011b\u0161it na na\u0161e novinky. \ud83d\ude42\r\n  <\/p>\r\n<\/form>\n\n<\/div>\n<\/div>\n\n\n\n<div class=\"wp-block-column is-layout-flow wp-block-column-is-layout-flow\"><div class=\"block\n  block--core-image\n  block--align-none\n      \">\n  \n<figure class=\"wp-block-image size-large\"><img loading=\"lazy\" decoding=\"async\" width=\"1920\" height=\"1280\" src=\"https:\/\/festival.praguepride.com\/app\/uploads\/2025\/08\/Kopie-souboru-Prague-Pride_web-80-1920x0-c-default.jpg\" alt=\"\" class=\"wp-image-29908\" srcset=\"https:\/\/festival.praguepride.com\/app\/uploads\/2025\/08\/Kopie-souboru-Prague-Pride_web-80-1920x0-c-default.jpg 1920w, https:\/\/festival.praguepride.com\/app\/uploads\/2025\/08\/Kopie-souboru-Prague-Pride_web-80-0x200-c-default.jpg 300w, https:\/\/festival.praguepride.com\/app\/uploads\/2025\/08\/Kopie-souboru-Prague-Pride_web-80-660x0-c-default.jpg 660w, https:\/\/festival.praguepride.com\/app\/uploads\/2025\/08\/Kopie-souboru-Prague-Pride_web-80.jpg 2048w\" sizes=\"auto, (max-width: 1920px) 100vw, 1920px\" \/><\/figure>\n\n<\/div>\n<\/div>\n<\/div>\n\n<\/div>\n","protected":false},"excerpt":{"rendered":"<p>NEWSLETTER Subscribe to our occasional newsletter to stay updated on what\u2019s happening at Prague Pride.<\/p>\n","protected":false},"author":19,"featured_media":0,"parent":0,"menu_order":0,"comment_status":"closed","ping_status":"closed","template":"","meta":{"footnotes":""},"class_list":["post-31527","page","type-page","status-publish","hentry"],"acf":[],"yoast_head":"<!-- This site is optimized with the Yoast SEO plugin v27.3 - https:\/\/yoast.com\/product\/yoast-seo-wordpress\/ -->\n<title>Prague Pride Festival<\/title>\n<meta name=\"robots\" content=\"index, follow, max-snippet:-1, max-image-preview:large, max-video-preview:-1\" \/>\n<link rel=\"canonical\" href=\"https:\/\/festival.praguepride.com\/en\/newsletter-en\/\" \/>\n<meta property=\"og:locale\" content=\"en_US\" \/>\n<meta property=\"og:type\" content=\"article\" \/>\n<meta property=\"og:site_name\" content=\"Prague Pride Festival\" \/>\n<meta property=\"article:publisher\" content=\"https:\/\/www.facebook.com\/PraguePrideCZ\" \/>\n<meta property=\"article:modified_time\" content=\"2026-04-08T11:46:02+00:00\" \/>\n<meta property=\"og:image\" content=\"https:\/\/festival.praguepride.com\/app\/uploads\/2025\/08\/Kopie-souboru-Prague-Pride_web-80.jpg\" \/>\n<meta name=\"twitter:card\" content=\"summary_large_image\" \/>\n<meta name=\"twitter:site\" content=\"@praguepride\" \/>\n<script type=\"application\/ld+json\" class=\"yoast-schema-graph\">{\"@context\":\"https:\\\/\\\/schema.org\",\"@graph\":[{\"@type\":\"WebPage\",\"@id\":\"https:\\\/\\\/festival.praguepride.com\\\/en\\\/newsletter-en\\\/\",\"url\":\"https:\\\/\\\/festival.praguepride.com\\\/en\\\/newsletter-en\\\/\",\"name\":\"Newsletter EN | Prague Pride Festival\",\"isPartOf\":{\"@id\":\"https:\\\/\\\/festival.praguepride.com\\\/en\\\/#website\"},\"primaryImageOfPage\":{\"@id\":\"https:\\\/\\\/festival.praguepride.com\\\/en\\\/newsletter-en\\\/#primaryimage\"},\"image\":{\"@id\":\"https:\\\/\\\/festival.praguepride.com\\\/en\\\/newsletter-en\\\/#primaryimage\"},\"thumbnailUrl\":\"https:\\\/\\\/festival.praguepride.com\\\/app\\\/uploads\\\/2025\\\/08\\\/Kopie-souboru-Prague-Pride_web-80.jpg\",\"datePublished\":\"2026-04-01T13:32:43+00:00\",\"dateModified\":\"2026-04-08T11:46:02+00:00\",\"description\":\"D\u011bkujeme n\u00e1v\u0161t\u011bvnictvu Prague Pride Festivalu 2024! Do pr\u016fvodu v\u00e1s p\u0159i\u0161lo p\u0159es 100 000. T\u011b\u0161\u00edme se na v\u00e1s na Prague Pride Festivalu 28. 7. \u2013 3. 8. 2025\",\"breadcrumb\":{\"@id\":\"https:\\\/\\\/festival.praguepride.com\\\/en\\\/newsletter-en\\\/#breadcrumb\"},\"inLanguage\":\"en-US\",\"potentialAction\":[{\"@type\":\"ReadAction\",\"target\":[\"https:\\\/\\\/festival.praguepride.com\\\/en\\\/newsletter-en\\\/\"]}]},{\"@type\":\"ImageObject\",\"inLanguage\":\"en-US\",\"@id\":\"https:\\\/\\\/festival.praguepride.com\\\/en\\\/newsletter-en\\\/#primaryimage\",\"url\":\"https:\\\/\\\/festival.praguepride.com\\\/app\\\/uploads\\\/2025\\\/08\\\/Kopie-souboru-Prague-Pride_web-80.jpg\",\"contentUrl\":\"https:\\\/\\\/festival.praguepride.com\\\/app\\\/uploads\\\/2025\\\/08\\\/Kopie-souboru-Prague-Pride_web-80.jpg\"},{\"@type\":\"BreadcrumbList\",\"@id\":\"https:\\\/\\\/festival.praguepride.com\\\/en\\\/newsletter-en\\\/#breadcrumb\",\"itemListElement\":[{\"@type\":\"ListItem\",\"position\":1,\"name\":\"Home\",\"item\":\"https:\\\/\\\/festival.praguepride.com\\\/en\\\/\"},{\"@type\":\"ListItem\",\"position\":2,\"name\":\"Newsletter EN\"}]},{\"@type\":\"WebSite\",\"@id\":\"https:\\\/\\\/festival.praguepride.com\\\/en\\\/#website\",\"url\":\"https:\\\/\\\/festival.praguepride.com\\\/en\\\/\",\"name\":\"Prague Pride Festival\",\"description\":\"3\\\/8 - 9\\\/8\\\/2026\",\"publisher\":{\"@id\":\"https:\\\/\\\/festival.praguepride.com\\\/en\\\/#organization\"},\"potentialAction\":[{\"@type\":\"SearchAction\",\"target\":{\"@type\":\"EntryPoint\",\"urlTemplate\":\"https:\\\/\\\/festival.praguepride.com\\\/en\\\/?s={search_term_string}\"},\"query-input\":{\"@type\":\"PropertyValueSpecification\",\"valueRequired\":true,\"valueName\":\"search_term_string\"}}],\"inLanguage\":\"en-US\"},{\"@type\":\"Organization\",\"@id\":\"https:\\\/\\\/festival.praguepride.com\\\/en\\\/#organization\",\"name\":\"Prague Pride Festival\",\"url\":\"https:\\\/\\\/festival.praguepride.com\\\/en\\\/\",\"logo\":{\"@type\":\"ImageObject\",\"inLanguage\":\"en-US\",\"@id\":\"https:\\\/\\\/festival.praguepride.com\\\/en\\\/#\\\/schema\\\/logo\\\/image\\\/\",\"url\":\"https:\\\/\\\/festival.praguepride.com\\\/app\\\/uploads\\\/2022\\\/06\\\/favicon.png\",\"contentUrl\":\"https:\\\/\\\/festival.praguepride.com\\\/app\\\/uploads\\\/2022\\\/06\\\/favicon.png\",\"width\":512,\"height\":512,\"caption\":\"Prague Pride Festival\"},\"image\":{\"@id\":\"https:\\\/\\\/festival.praguepride.com\\\/en\\\/#\\\/schema\\\/logo\\\/image\\\/\"},\"sameAs\":[\"https:\\\/\\\/www.facebook.com\\\/PraguePrideCZ\",\"https:\\\/\\\/x.com\\\/praguepride\",\"https:\\\/\\\/www.instagram.com\\\/prague.pride\\\/\",\"https:\\\/\\\/www.linkedin.com\\\/company\\\/prague-pride-o.s.\\\/\"]}]}<\/script>\n<!-- \/ Yoast SEO plugin. -->","yoast_head_json":{"title":"Prague Pride Festival","robots":{"index":"index","follow":"follow","max-snippet":"max-snippet:-1","max-image-preview":"max-image-preview:large","max-video-preview":"max-video-preview:-1"},"canonical":"https:\/\/festival.praguepride.com\/en\/newsletter-en\/","og_locale":"en_US","og_type":"article","og_site_name":"Prague Pride Festival","article_publisher":"https:\/\/www.facebook.com\/PraguePrideCZ","article_modified_time":"2026-04-08T11:46:02+00:00","og_image":[{"url":"https:\/\/festival.praguepride.com\/app\/uploads\/2025\/08\/Kopie-souboru-Prague-Pride_web-80.jpg","type":"","width":"","height":""}],"twitter_card":"summary_large_image","twitter_site":"@praguepride","schema":{"@context":"https:\/\/schema.org","@graph":[{"@type":"WebPage","@id":"https:\/\/festival.praguepride.com\/en\/newsletter-en\/","url":"https:\/\/festival.praguepride.com\/en\/newsletter-en\/","name":"Newsletter EN | Prague Pride Festival","isPartOf":{"@id":"https:\/\/festival.praguepride.com\/en\/#website"},"primaryImageOfPage":{"@id":"https:\/\/festival.praguepride.com\/en\/newsletter-en\/#primaryimage"},"image":{"@id":"https:\/\/festival.praguepride.com\/en\/newsletter-en\/#primaryimage"},"thumbnailUrl":"https:\/\/festival.praguepride.com\/app\/uploads\/2025\/08\/Kopie-souboru-Prague-Pride_web-80.jpg","datePublished":"2026-04-01T13:32:43+00:00","dateModified":"2026-04-08T11:46:02+00:00","description":"D\u011bkujeme n\u00e1v\u0161t\u011bvnictvu Prague Pride Festivalu 2024! Do pr\u016fvodu v\u00e1s p\u0159i\u0161lo p\u0159es 100 000. T\u011b\u0161\u00edme se na v\u00e1s na Prague Pride Festivalu 28. 7. \u2013 3. 8. 2025","breadcrumb":{"@id":"https:\/\/festival.praguepride.com\/en\/newsletter-en\/#breadcrumb"},"inLanguage":"en-US","potentialAction":[{"@type":"ReadAction","target":["https:\/\/festival.praguepride.com\/en\/newsletter-en\/"]}]},{"@type":"ImageObject","inLanguage":"en-US","@id":"https:\/\/festival.praguepride.com\/en\/newsletter-en\/#primaryimage","url":"https:\/\/festival.praguepride.com\/app\/uploads\/2025\/08\/Kopie-souboru-Prague-Pride_web-80.jpg","contentUrl":"https:\/\/festival.praguepride.com\/app\/uploads\/2025\/08\/Kopie-souboru-Prague-Pride_web-80.jpg"},{"@type":"BreadcrumbList","@id":"https:\/\/festival.praguepride.com\/en\/newsletter-en\/#breadcrumb","itemListElement":[{"@type":"ListItem","position":1,"name":"Home","item":"https:\/\/festival.praguepride.com\/en\/"},{"@type":"ListItem","position":2,"name":"Newsletter EN"}]},{"@type":"WebSite","@id":"https:\/\/festival.praguepride.com\/en\/#website","url":"https:\/\/festival.praguepride.com\/en\/","name":"Prague Pride Festival","description":"3\/8 - 9\/8\/2026","publisher":{"@id":"https:\/\/festival.praguepride.com\/en\/#organization"},"potentialAction":[{"@type":"SearchAction","target":{"@type":"EntryPoint","urlTemplate":"https:\/\/festival.praguepride.com\/en\/?s={search_term_string}"},"query-input":{"@type":"PropertyValueSpecification","valueRequired":true,"valueName":"search_term_string"}}],"inLanguage":"en-US"},{"@type":"Organization","@id":"https:\/\/festival.praguepride.com\/en\/#organization","name":"Prague Pride Festival","url":"https:\/\/festival.praguepride.com\/en\/","logo":{"@type":"ImageObject","inLanguage":"en-US","@id":"https:\/\/festival.praguepride.com\/en\/#\/schema\/logo\/image\/","url":"https:\/\/festival.praguepride.com\/app\/uploads\/2022\/06\/favicon.png","contentUrl":"https:\/\/festival.praguepride.com\/app\/uploads\/2022\/06\/favicon.png","width":512,"height":512,"caption":"Prague Pride Festival"},"image":{"@id":"https:\/\/festival.praguepride.com\/en\/#\/schema\/logo\/image\/"},"sameAs":["https:\/\/www.facebook.com\/PraguePrideCZ","https:\/\/x.com\/praguepride","https:\/\/www.instagram.com\/prague.pride\/","https:\/\/www.linkedin.com\/company\/prague-pride-o.s.\/"]}]}},"_links":{"self":[{"href":"https:\/\/festival.praguepride.com\/en\/wp-json\/wp\/v2\/pages\/31527","targetHints":{"allow":["GET"]}}],"collection":[{"href":"https:\/\/festival.praguepride.com\/en\/wp-json\/wp\/v2\/pages"}],"about":[{"href":"https:\/\/festival.praguepride.com\/en\/wp-json\/wp\/v2\/types\/page"}],"author":[{"embeddable":true,"href":"https:\/\/festival.praguepride.com\/en\/wp-json\/wp\/v2\/users\/19"}],"replies":[{"embeddable":true,"href":"https:\/\/festival.praguepride.com\/en\/wp-json\/wp\/v2\/comments?post=31527"}],"version-history":[{"count":3,"href":"https:\/\/festival.praguepride.com\/en\/wp-json\/wp\/v2\/pages\/31527\/revisions"}],"predecessor-version":[{"id":31600,"href":"https:\/\/festival.praguepride.com\/en\/wp-json\/wp\/v2\/pages\/31527\/revisions\/31600"}],"wp:attachment":[{"href":"https:\/\/festival.praguepride.com\/en\/wp-json\/wp\/v2\/media?parent=31527"}],"curies":[{"name":"wp","href":"https:\/\/api.w.org\/{rel}","templated":true}]}}

<div class="block
  block--core-columns
  block--align-none
      ">
  
<div class="wp-block-columns is-layout-flex wp-container-core-columns-is-layout-28f84493 wp-block-columns-is-layout-flex">
<div class="wp-block-column is-layout-flow wp-block-column-is-layout-flow"><div class="block
  block--core-heading
  block--align-none
      ">
  
<h3 class="wp-block-heading"><strong>NEWSLETTER</strong></h3>

</div>


<div class="block
  block--core-paragraph
  block--align-none
      ">
  
<p>Subscribe to our occasional newsletter to stay updated on what’s happening at Prague Pride.</p>

</div>


<div class="block
  block--core-paragraph
  block--align-none
      ">
  
<form class="newsletter-submission-form" action="https://muj.praguepride.com/api/form!send" method="post">
  <p>
    <label>
      <span class="newsletter-submission-label">E-mail:</span>
      <input name="email" type="email" autocomplete="email" required="" class="newsletter-submission-input-field" />
    </label>
  </p>
  <label><input checked="checked" name="newsletter" type="checkbox" /> Chci odebírat newsletter spolku Prague Pride</label><br />
  <label
    ><input name="confirm" type="checkbox" required="" /> Přijímám
    <a target="_blank" href="https://www.praguepride.cz/cs/newsletter-zasady-cz" rel="noopener">zásady zpracování osobních údajů</a></label
  ><br />
  <!-- Never set this field to pre-filled to checked! -->

  <input name="submit_button" type="submit" value="Odebírat newsletter" class="btn primary button" />
  <span class="newsletter-submission-is-submitting-label">Odesílám...</span>

  <input name="network" type="hidden" value="54" />
  <input name="journey" type="hidden" value="14" />
  <input name="source" type="hidden" value="web-fest signup" />
  <input name="locale" type="hidden" value="cs" />
  <p class="newsletter-submission-submitted-text">
	Nyní ještě musíš odběr newsletteru potvrdit.
    <br><br>
	Otevři si e-mail, který jsme ti poslali na uvedenou adresu, a klikni v něm na potvrzovací odkaz. Pak se můžeš těšit na naše novinky. 🙂
  </p>
</form>

</div>
</div>



<div class="wp-block-column is-layout-flow wp-block-column-is-layout-flow"><div class="block
  block--core-image
  block--align-none
      ">
  
<figure class="wp-block-image size-large"><img loading="lazy" decoding="async" width="1920" height="1280" src="https://festival.praguepride.com/app/uploads/2025/08/Kopie-souboru-Prague-Pride_web-80-1920x0-c-default.jpg" alt="" class="wp-image-29908" srcset="https://festival.praguepride.com/app/uploads/2025/08/Kopie-souboru-Prague-Pride_web-80-1920x0-c-default.jpg 1920w, https://festival.praguepride.com/app/uploads/2025/08/Kopie-souboru-Prague-Pride_web-80-0x200-c-default.jpg 300w, https://festival.praguepride.com/app/uploads/2025/08/Kopie-souboru-Prague-Pride_web-80-660x0-c-default.jpg 660w, https://festival.praguepride.com/app/uploads/2025/08/Kopie-souboru-Prague-Pride_web-80.jpg 2048w" sizes="auto, (max-width: 1920px) 100vw, 1920px" /></figure>

</div>
</div>
</div>

</div>

<!-- This site is optimized with the Yoast SEO plugin v27.3 - https://yoast.com/product/yoast-seo-wordpress/ -->
<title>Prague Pride Festival</title>
<meta name="robots" content="index, follow, max-snippet:-1, max-image-preview:large, max-video-preview:-1" />
<link rel="canonical" href="https://festival.praguepride.com/en/newsletter-en/" />
<meta property="og:locale" content="en_US" />
<meta property="og:type" content="article" />
<meta property="og:site_name" content="Prague Pride Festival" />
<meta property="article:publisher" content="https://www.facebook.com/PraguePrideCZ" />
<meta property="article:modified_time" content="2026-04-08T11:46:02+00:00" />
<meta property="og:image" content="https://festival.praguepride.com/app/uploads/2025/08/Kopie-souboru-Prague-Pride_web-80.jpg" />
<meta name="twitter:card" content="summary_large_image" />
<meta name="twitter:site" content="@praguepride" />
<script type="application/ld+json" class="yoast-schema-graph">{"@context":"https:\/\/schema.org","@graph":[{"@type":"WebPage","@id":"https:\/\/festival.praguepride.com\/en\/newsletter-en\/","url":"https:\/\/festival.praguepride.com\/en\/newsletter-en\/","name":"Newsletter EN | Prague Pride Festival","isPartOf":{"@id":"https:\/\/festival.praguepride.com\/en\/#website"},"primaryImageOfPage":{"@id":"https:\/\/festival.praguepride.com\/en\/newsletter-en\/#primaryimage"},"image":{"@id":"https:\/\/festival.praguepride.com\/en\/newsletter-en\/#primaryimage"},"thumbnailUrl":"https:\/\/festival.praguepride.com\/app\/uploads\/2025\/08\/Kopie-souboru-Prague-Pride_web-80.jpg","datePublished":"2026-04-01T13:32:43+00:00","dateModified":"2026-04-08T11:46:02+00:00","description":"Děkujeme návštěvnictvu Prague Pride Festivalu 2024! Do průvodu vás přišlo přes 100 000. Těšíme se na vás na Prague Pride Festivalu 28. 7. – 3. 8. 2025","breadcrumb":{"@id":"https:\/\/festival.praguepride.com\/en\/newsletter-en\/#breadcrumb"},"inLanguage":"en-US","potentialAction":[{"@type":"ReadAction","target":["https:\/\/festival.praguepride.com\/en\/newsletter-en\/"]}]},{"@type":"ImageObject","inLanguage":"en-US","@id":"https:\/\/festival.praguepride.com\/en\/newsletter-en\/#primaryimage","url":"https:\/\/festival.praguepride.com\/app\/uploads\/2025\/08\/Kopie-souboru-Prague-Pride_web-80.jpg","contentUrl":"https:\/\/festival.praguepride.com\/app\/uploads\/2025\/08\/Kopie-souboru-Prague-Pride_web-80.jpg"},{"@type":"BreadcrumbList","@id":"https:\/\/festival.praguepride.com\/en\/newsletter-en\/#breadcrumb","itemListElement":[{"@type":"ListItem","position":1,"name":"Home","item":"https:\/\/festival.praguepride.com\/en\/"},{"@type":"ListItem","position":2,"name":"Newsletter EN"}]},{"@type":"WebSite","@id":"https:\/\/festival.praguepride.com\/en\/#website","url":"https:\/\/festival.praguepride.com\/en\/","name":"Prague Pride Festival","description":"3\/8 - 9\/8\/2026","publisher":{"@id":"https:\/\/festival.praguepride.com\/en\/#organization"},"potentialAction":[{"@type":"SearchAction","target":{"@type":"EntryPoint","urlTemplate":"https:\/\/festival.praguepride.com\/en\/?s={search_term_string}"},"query-input":{"@type":"PropertyValueSpecification","valueRequired":true,"valueName":"search_term_string"}}],"inLanguage":"en-US"},{"@type":"Organization","@id":"https:\/\/festival.praguepride.com\/en\/#organization","name":"Prague Pride Festival","url":"https:\/\/festival.praguepride.com\/en\/","logo":{"@type":"ImageObject","inLanguage":"en-US","@id":"https:\/\/festival.praguepride.com\/en\/#\/schema\/logo\/image\/","url":"https:\/\/festival.praguepride.com\/app\/uploads\/2022\/06\/favicon.png","contentUrl":"https:\/\/festival.praguepride.com\/app\/uploads\/2022\/06\/favicon.png","width":512,"height":512,"caption":"Prague Pride Festival"},"image":{"@id":"https:\/\/festival.praguepride.com\/en\/#\/schema\/logo\/image\/"},"sameAs":["https:\/\/www.facebook.com\/PraguePrideCZ","https:\/\/x.com\/praguepride","https:\/\/www.instagram.com\/prague.pride\/","https:\/\/www.linkedin.com\/company\/prague-pride-o.s.\/"]}]}</script>
<!-- / Yoast SEO plugin. -->

Děkujeme návštěvnictvu Prague Pride Festivalu 2024! Do průvodu vás přišlo přes 100 000. Těšíme se na vás na Prague Pride Festivalu 28. 7. – 3. 8. 2025
